e remainder when q is divided by 165?
0
Suppose -2*o - o + 23 = t, -5*t + 31 = o. Suppose 41 = 16*u + 9. Suppose 52 = u*b - 0*b + 2*v, -3*v = 4*b - 100. Calculate the remainder when b is divided by o.
4
What is the remainder when 342 is divided by (-17666)/(-176) + 15/(-40) + 0?
42
Let d(r) = 2*r - 1. Suppose -x + 392 = 154. Suppose -3*k - 70 = 4*g - x, 0 = 2*g - 4*k - 84. Calculate the remainder when g is divided by d(5).
6
Let i(d) = -18*d - 444. What is the remainder when 104 is divided by i(-25)?
2
Suppose 15*p + 637 = 4612. Let n(l) = 2*l**2 - 7*l + 4. Calculate the remainder when 836/5 + 212/p is divided by n(6).
32
Let i = -7 + 7. Let g(s) = -s**3 + 8*s**2 - 8*s + 13. Calculate the remainder when (-91)/(3/(-6) + i) is divided by g(6).
34
Let k(r) = 844*r**2 + 431*r - 865. What is the remainder when k(2) is divided by 75?
73
Suppose 2*a - 5*t - 54 = 0, 2*a + 81 = 5*a - 5*t. Let s(o) = -o**2 - 43*o - 253. What is the remainder when s(-10) is divided by a?
23
Suppose 5*d - 156 = 89. Let j = 137 + -132. Suppose -a = j - 1, -4*o = 2*a - 32. Calculate the remainder when d is divided by o.
9
Suppose -11951 = 53*s - 72*s. Suppose 6*b + 479 = s. What is the remainder when b is divided by 18?
7
Let i(h) = 65*h + 10. Let a(k) = 130*k + 19. Let m(t) = 4*a(t) - 7*i(t). What is the remainder when m(5) is divided by 37?
35
Suppose 0*d + 4*f = 2*d + 4, 0 = -2*d - 3*f + 31. Calculate the remainder when 219 is divided by (-3)/(-12)*(-2 - d)*-8.
19
Let p = 7 + 10. Let n(i) be the second derivative of i**4/12 - 11*i**3/6 + 15*i**2 - 11*i. What is the remainder when p is divided by n(8)?
5
Suppose i = 5*b - 119, -b - 2*i + 11 = i. Suppose 0 = -5*j - 23 + b. Suppose -o - 2 + 10 = j. What is the remainder when 37 is divided by o?
5
Let h(x) = -x**3 - 6*x**2 - 8*x + 1. Suppose -13*r + 448 = -3322. What is the remainder when r is divided by h(-6)?
45
Let n(o) = -o**3 - 13*o**2 - 46*o - 4. Suppose 0 = 4*q - 50 - 38. Calculate the remainder when n(-4) is divided by q.
14
Let j = 551 - 504. What is the remainder when 493 is divided by j?
23
Suppose 0 = -84*k + 80*k + 23632. Calculate the remainder when k is divided by 30.
28
Let z(v) = 4*v**2 + 8*v - 6. Let k(g) = -g**3 + 17*g**2 - 10*g - 90. Let r be k(16). Calculate the remainder when z(r) is divided by 49.
39
Let o(j) = -4*j**2 - 83*j - 156. What is the remainder when 717 is divided by o(-13)?
223
Suppose 15*u - 93 = -3. Let p(z) = 3*z**2 - 19*z + 10. Let s be p(u). Suppose -2*b = -s*b + 68. Calculate the remainder when 65 is divided by b.
31
Let u = 39 - -511. Suppose -4*q = -9*q + u. What is the remainder when q is divided by ((-8)/6)/((-2)/42)?
26
Suppose 94*g - 89*g - 125 = 0. Suppose 2*h - 2*d + 5*d = 463, 5*d = g. What is the remainder when h is divided by 45?
44
Let q(h) = -12*h - 108. Let c be q(-6). Let u = c + 134. What is the remainder when u is divided by 25?
23
Let w = 2604 + -2579. What is the remainder when 197 is divided by w?
22
Let v(o) = o**3 + 24*o**2 + o + 68. Let m be ((-4)/(-12))/(4/(-156)). Let u = m - -21. Calculate the remainder when v(-24) is divided by u.
4
Suppose 6059*s - o = 6057*s + 26, 5*s - o - 68 = 0. Let c = 3 - 0. Calculate the remainder when 18*c - 1/(-1) is divided by s.
13
Let l(p) = -p**3 + 6*p**2 + 28*p - 114. Suppose -2*u + 350 = 2*y, 0 = 4*y - 9*u + 4*u - 709. Calculate the remainder when y is divided by l(4).
26
Let z(h) = h. Let y be z(5). Suppose 0*n - y*n + 65 = 0. Suppose f + 4*u = 73, -2*f - 2*u + 569 = 423. Calculate the remainder when f is divided by n.
8
Suppose -5*m = 5*x - 630, 63*m + 8 = 65*m. What is the remainder when 181 is divided by x?
59
Let c(p) = -p**3 + 7*p**2 + 8*p + 16. Let t(o) = o**3 - 13*o**2 - 46*o - 8. Calculate the remainder when t(16) is divided by c(8).
8
Suppose i = 3*f + 57, 5*i - 6*f + 9*f - 159 = 0. Calculate the remainder when 8024 is divided by i.
32
Let m be (1/2)/(9/(-5130)). Let d = m + 328. What is the remainder when 124 is divided by d?
38
Let z(y) = -y**3 - 5*y**2 + 6*y + 7. Suppose -27*j + 1 = -8*j - 151. Calculate the remainder when z(-7) is divided by j.
7
Let z = -178 + 312. Suppose -5*h - 5*s + 110 = 0, -5*h + 0*h + 4*s + 128 = 0. What is the remainder when z is divided by h?
14
Suppose 2*n - 3*m - 63 = 0, 3*n - 6 = 4*m + 88. What is the remainder when n is divided by 10?
0
Let j(q) = 8*q + 1. Calculate the remainder when j(4) is divided by -3*30/(110/(-11)).
6
Let c be (73 - 18) + 1*-6. Suppose 4 = 3*t + t - 4*s, 4*t = -5*s + c. What is the remainder when 47 is divided by t?
5
Calculate the remainder when 2502 is divided by (-1 - (-22)/18) + (-166944)/(-2538).
60
Let a(l) = -26*l - 2. Suppose 40 = 4*d - 88. Let y = d + -34. What is the remainder when a(y) is divided by 13?
11
Suppose l - m - 100 = 0, -2*l + 5*m - 34 = -219. Calculate the remainder when l is divided by 6.
3
Let n = 689 - 353. Calculate the remainder when n is divided by 118.
100
Let h be (-15)/10 + 15/10. Suppose -3*t + 5*s + 86 = h, 5*s + 137 = 5*t + 3*s. Calculate the remainder when 34 is divided by t.
7
Suppose -182*y + 7404 + 12070 = 0. What is the remainder when 21078 is divided by y?
106
Let p(r) = -3*r**2 - 8*r - 11 + 16 - 12 + 2*r**3 + 4*r. Let d be p(-3). Let v = d + 94. Calculate the remainder when 83 is divided by v.
11
Let a(r) = -r**3 + 12*r**2 + 315*r - 101. Let m(u) = -49*u - 4. What is the remainder when m(-3) is divided by a(-13)?
27
Let j(v) = 11*v - 74. Let n be j(7). Suppose 0*q - 3*q + 9 = 0, -4*u = -n*q - 15. What is the remainder when 40 is divided by u?
4
Let q(l) = -258*l**2 + 11 + 513*l**2 + 8*l - 251*l**2. Calculate the remainder when q(-6) is divided by 35.
2
Suppose 3*r - 12 = -3*r. Suppose 0 = 5*w + 10, -r*w - w - 78 = -4*l. What is the remainder when 102 is divided by l?
12
Suppose -32758*r + 32778*r - 63820 = 0. Calculate the remainder when r is divided by 103.
101
Suppose 630 = 26*o - 631 + 117. What is the remainder when o is divided by 23?
21
Let h(v) = 46*v - 790. What is the remainder when h(34) is divided by 97?
95
Let z(f) = 2*f**3 - f**2 + 6*f + 15. Suppose 26*o + 8 = 24*o. Let l be z(o). Calculate the remainder when (-4)/22 - l/(-198)*-52 is divided by 21.
19
Suppose 4*o - 112 = -12. Suppose -19 = -8*r + 5. Suppose 0*a - 78 = -x + 2*a, -r*x = -3*a - 222. What is the remainder when x is divided by o?
20
Let o be 45/(-12) - 8/32. Suppose 2*r - 666 = -5*f - 0*r, 2*f = -5*r + 258. What is the remainder when f is divided by (o - (-84)/3) + 3?
26
Let f(v) = 3*v**3 - 8*v + 26. What is the remainder when 878 is divided by f(2)?
28
What is the remainder when (1/2)/(-1) - 900/(-24)*13 is divided by 150?
37
Suppose 0 = -5*j + 9 + 6. Suppose -15 = j*p + 18. What is the remainder when 786/33 + (-2)/p is divided by 13?
11
Suppose -11 + 60 = 7*b. Let m = -103 - -187. Calculate the remainder when 28 is divided by 16/(-3)*(m/(-8))/b.
4
Let l = -109 + 245. Suppose -6*j + 3*s - l = -7*j, -2*j + 237 = -s. Calculate the remainder when j is divided by 21.
16
Let i = 58 + -10. Let l(m) be the first derivative of 3*m**2 + 69*m + 33. What is the remainder when i is divided by l(-10)?
3
Suppose -63*o - 1056 = -96*o. Calculate the remainder when 171 is divided by o.
11
Suppose -172*l + 12*l + 321440 = 0. Calculate the remainder when l is divided by 19.
14
Let x(j) = 1040*j**3 + 6*j**2 - 4*j - 2. Let l be x(1). Let v = l + -839. What is the remainder when v is divided by 26?
19
Let c be (120/9*-2)/(1/(-3)). What is the remainder when 117 is divided by (252/10)/(32/c)?
54
Suppose 251 = 16*r - 1381. Suppose 217 = 5*j - 268. Suppose 0 = 4*w - 7 - j. What is the remainder when r is divided by w?
24
Let x be 23/(-7) - 84/(-294) - -409. Suppose -646*l + 660*l - x = 0. Let u(f) = -f**3 - 4*f**2 + 2*f - 5. What is the remainder when l is divided by u(-5)?
9
Suppose -578 = -2*m - 546. Let o = 36 + -9. Calculate the remainder when o is divided by m.
11
Suppose -4*w - 5*b - 42 = -5*w, 60 = 2*w + 2*b. Suppose 23*v = w*v - 1719. What is the remainder when v is divided by 24?
23
Let x(b) = b - 13. Let k be x(9). Let u be -3 - (-4 - k) - -58. Let o = 74 - u. What is the remainder when 68 is divided by o?
11
Suppose a - 2951 = -4*q + 1313, 3*q - 2*a - 3187 = 0. What is the remainder when q is divided by 41?
40
Let p(g) = 96*g - 1. Let n be p(-1). Let c